{"id":1698,"date":"2023-11-19T19:22:35","date_gmt":"2023-11-19T19:22:35","guid":{"rendered":"https:\/\/handballstrength.com\/?page_id=1698"},"modified":"2025-09-18T15:15:45","modified_gmt":"2025-09-18T13:15:45","slug":"testimonials","status":"publish","type":"page","link":"https:\/\/handballstrength.com\/index.php\/testimonials\/","title":{"rendered":"Testimonials"},"content":{"rendered":"\n<div class=\"wp-block-group alignfull has-contrast-background-color has-background has-global-padding is-layout-constrained wp-container-core-group-is-layout-03b2d8fb wp-block-group-is-layout-constrained\" style=\"border-style:none;border-width:0px;margin-top:0;margin-bottom:0;padding-top:0;padding-right:var(--wp--preset--spacing--10);padding-bottom:0;padding-left:var(--wp--preset--spacing--10)\">\n<div style=\"height:40px;width:0px\" aria-hidden=\"true\" class=\"wp-block-spacer\"><\/div>\n\n\n\n<div class=\"wp-block-group is-content-justification-center is-nowrap is-layout-flex wp-container-core-group-is-layout-23441af8 wp-block-group-is-layout-flex\">\n<h1 class=\"wp-block-heading alignwide has-text-align-center is-style-default has-base-color has-text-color has-link-color has-system-sans-serif-font-family wp-elements-1da72410c59ccb33557455d8c4af610e\"><strong>TESTIMONIALS<\/strong><\/h1>\n<\/div>\n\n\n\n<p class=\"has-text-align-center has-base-color has-text-color has-link-color has-system-sans-serif-font-family has-medium-font-size wp-elements-24e842cc903ca4ba83aaa6525ccb89d9\">Meet Handball Strength&#8217;s Clients<\/p>\n\n\n\n<div style=\"height:50px;width:0px\" aria-hidden=\"true\" class=\"wp-block-spacer\"><\/div>\n\n\n\n<div class=\"wp-block-columns alignwide is-layout-flex wp-container-core-columns-is-layout-4935966c wp-block-columns-is-layout-flex\" style=\"padding-right:0;padding-left:0\">\n<div class=\"wp-block-column is-layout-flow wp-block-column-is-layout-flow\" style=\"border-style:none;border-width:0px;padding-top:0;padding-bottom:0\">\n<figure class=\"wp-block-video aligncenter\"><video height=\"720\" style=\"aspect-ratio: 1280 \/ 720;\" width=\"1280\" controls poster=\"https:\/\/handballstrength.com\/wp-content\/uploads\/2024\/02\/Ahmed-Pic-MINI.jpg\" src=\"https:\/\/handballstrength.com\/wp-content\/uploads\/2024\/02\/Ahmed-Testimonial-Website.mp4\" playsinline><\/video><\/figure>\n\n\n\n<div class=\"wp-block-group has-border-color has-background is-vertical is-content-justification-center is-nowrap is-layout-flex wp-container-core-group-is-layout-785c644f wp-block-group-is-layout-flex\" style=\"border-color:#2626263b;border-width:2px;background-color:#f4f3f3fa;margin-top:0;margin-bottom:0;padding-top:var(--wp--preset--spacing--10);padding-bottom:var(--wp--preset--spacing--10)\">\n<p class=\"has-text-align-center has-medium-font-size\" style=\"font-style:normal;font-weight:700\"><strong>\u201cAfter 1 Month I can move fast, without any knee or shoulder pain\u201d<\/strong><\/p>\n\n\n\n<p class=\"has-text-color has-link-color has-medium-font-size wp-elements-694a2bf3fcc15b875aa29821853ad3c7\" style=\"color:#000000e0\"><strong><em><strong><em>&#8211;<strong><em><strong>Ahmad Alqallaf<\/strong><\/em><\/strong><\/em><\/strong><\/em><\/strong><\/p>\n\n\n\n<p class=\"has-text-align-center has-small-font-size\"><em><em><em>National Team Player<\/em><\/em><\/em><\/p>\n<\/div>\n<\/div>\n\n\n\n<div class=\"wp-block-column is-layout-flow wp-container-core-column-is-layout-92d440f1 wp-block-column-is-layout-flow\" style=\"border-style:none;border-width:0px;padding-top:0;padding-bottom:0\">\n<figure class=\"wp-block-video aligncenter\"><video height=\"1080\" style=\"aspect-ratio: 1920 \/ 1080;\" width=\"1920\" controls poster=\"https:\/\/handballstrength.com\/wp-content\/uploads\/2024\/06\/Melisa-PicMEGAMINI-min.jpg\" src=\"https:\/\/handballstrength.com\/wp-content\/uploads\/2024\/06\/Melisa-Tesitmonial-MINIMEGA.mp4\" playsinline><\/video><\/figure>\n\n\n\n<div class=\"wp-block-group has-border-color has-background is-vertical is-content-justification-center is-nowrap is-layout-flex wp-container-core-group-is-layout-785c644f wp-block-group-is-layout-flex\" style=\"border-color:#2626263b;border-width:2px;background-color:#f4f3f3fa;margin-top:0;margin-bottom:0;padding-top:var(--wp--preset--spacing--10);padding-bottom:var(--wp--preset--spacing--10)\">\n<p class=\"has-text-align-center has-medium-font-size\" style=\"font-style:normal;font-weight:700\">\u201cI feel stronger, more motivated and better in every way\u201d<\/p>\n\n\n\n<p class=\"has-text-color has-link-color has-medium-font-size wp-elements-d2e2bc22dcdb67fe4cda41225fbfe8ba\" style=\"color:#000000e0\"><strong><em>&#8211;<strong>Melisa \u00c7aml\u0131<\/strong><\/em><\/strong><\/p>\n\n\n\n<p class=\"has-text-align-center has-small-font-size\"><em><em>National Team Player<\/em><\/em><\/p>\n<\/div>\n<\/div>\n\n\n\n<div class=\"wp-block-column is-layout-flow wp-block-column-is-layout-flow\" style=\"border-style:none;border-width:0px;padding-top:0;padding-bottom:0\">\n<figure class=\"wp-block-video aligncenter\"><video height=\"1080\" style=\"aspect-ratio: 1920 \/ 1080;\" width=\"1920\" controls poster=\"https:\/\/handballstrength.com\/wp-content\/uploads\/2024\/06\/Semsi-pic-NEWMINI-min.jpg\" src=\"https:\/\/handballstrength.com\/wp-content\/uploads\/2024\/06\/Semsi-Testimonial-MINIMEGA.mp4\" playsinline><\/video><\/figure>\n\n\n\n<div class=\"wp-block-group has-border-color has-background is-vertical is-content-justification-center is-nowrap is-layout-flex wp-container-core-group-is-layout-785c644f wp-block-group-is-layout-flex\" style=\"border-color:#2626263b;border-width:2px;background-color:#f4f3f3fa;margin-top:0;margin-bottom:0;padding-top:var(--wp--preset--spacing--10);padding-bottom:var(--wp--preset--spacing--10)\">\n<p class=\"has-text-align-center has-medium-font-size\" style=\"font-style:normal;font-weight:700\"><strong>\u201cPhysically I feel much better now after these 8-Weeks\u201d<\/strong><\/p>\n\n\n\n<p class=\"has-text-color has-link-color has-medium-font-size wp-elements-db8e499b28a26023c16808d5c42555ed\" style=\"color:#000000e0\"><strong><em><strong><em>-\u015eemsi Y\u0131ld\u0131r\u0131m<\/em><\/strong><\/em><\/strong><\/p>\n\n\n\n<p class=\"has-text-align-center has-small-font-size\"><em><em><em>Cyprus No. 1 Goalkeeper<\/em><\/em><\/em><\/p>\n<\/div>\n<\/div>\n<\/div>\n\n\n\n<div class=\"wp-block-columns alignwide is-layout-flex wp-container-core-columns-is-layout-4935966c wp-block-columns-is-layout-flex\" style=\"padding-right:0;padding-left:0\">\n<div class=\"wp-block-column is-layout-flow wp-block-column-is-layout-flow\" style=\"padding-top:0;padding-bottom:0\">\n<figure class=\"wp-block-video aligncenter\"><video height=\"1080\" style=\"aspect-ratio: 1920 \/ 1080;\" width=\"1920\" controls poster=\"https:\/\/handballstrength.com\/wp-content\/uploads\/2024\/06\/Ian-Martinez-Pic-MINI-min.jpg\" src=\"https:\/\/handballstrength.com\/wp-content\/uploads\/2024\/06\/Ian-Martinez-Testimonial-MINIMEGA.mp4\" playsinline><\/video><\/figure>\n\n\n\n<div class=\"wp-block-group has-border-color has-background is-vertical is-content-justification-center is-nowrap is-layout-flex wp-container-core-group-is-layout-785c644f wp-block-group-is-layout-flex\" style=\"border-color:#2626263b;border-width:2px;background-color:#f4f3f3fa;margin-top:0;margin-bottom:0;padding-top:var(--wp--preset--spacing--10);padding-bottom:var(--wp--preset--spacing--10)\">\n<p class=\"has-text-align-center has-medium-font-size\" style=\"font-style:normal;font-weight:700\">\u201cHe fixed my shoulder and ankle pain\u201d<\/p>\n\n\n\n<p><\/p>\n\n\n\n<p class=\"has-text-color has-link-color has-medium-font-size wp-elements-c317ac33c6937fda967a06a44be98472\" style=\"color:#000000e0\"><strong><em><strong>-Ian Mart\u00ednez<\/strong><\/em><\/strong><\/p>\n\n\n\n<p class=\"has-text-align-center has-small-font-size\"><em><em><em>National Team Player for Mexico<\/em><\/em><\/em><\/p>\n<\/div>\n\n\n\n<p class=\"has-text-align-center\"><br><\/p>\n<\/div>\n\n\n\n<div class=\"wp-block-column is-layout-flow wp-container-core-column-is-layout-92d440f1 wp-block-column-is-layout-flow\" style=\"border-style:none;border-width:0px;padding-top:0;padding-bottom:0\">\n<figure class=\"wp-block-image size-large\"><img loading=\"lazy\" decoding=\"async\" width=\"1024\" height=\"576\" src=\"https:\/\/handballstrength.com\/wp-content\/uploads\/2024\/06\/ESzti-Pic-1024x576.jpg\" alt=\"\" class=\"wp-image-2865\" srcset=\"https:\/\/handballstrength.com\/wp-content\/uploads\/2024\/06\/ESzti-Pic-1024x576.jpg 1024w, https:\/\/handballstrength.com\/wp-content\/uploads\/2024\/06\/ESzti-Pic-300x169.jpg 300w, https:\/\/handballstrength.com\/wp-content\/uploads\/2024\/06\/ESzti-Pic-768x432.jpg 768w, https:\/\/handballstrength.com\/wp-content\/uploads\/2024\/06\/ESzti-Pic-468x263.jpg 468w, https:\/\/handballstrength.com\/wp-content\/uploads\/2024\/06\/ESzti-Pic.jpg 1280w\" sizes=\"auto, (max-width: 1024px) 100vw, 1024px\" \/><\/figure>\n\n\n\n<div class=\"wp-block-group has-border-color has-background is-vertical is-content-justification-center is-nowrap is-layout-flex wp-container-core-group-is-layout-785c644f wp-block-group-is-layout-flex\" style=\"border-color:#2626263b;border-width:2px;background-color:#f4f3f3fa;margin-top:0;margin-bottom:0;padding-top:var(--wp--preset--spacing--10);padding-bottom:var(--wp--preset--spacing--10)\">\n<p class=\"has-text-align-center has-medium-font-size\" style=\"font-style:normal;font-weight:700\">\u201cI can jump higher &amp; my handball feints are better!&#8221;<\/p>\n\n\n\n<p class=\"has-text-color has-link-color has-medium-font-size wp-elements-e4f4ca2042d9d0f2bddc0cb046baf676\" style=\"color:#000000e0\"><strong><em>&#8211;<strong>Eszter Ogonovszky<\/strong><\/em><\/strong><\/p>\n\n\n\n<p class=\"has-text-align-center has-small-font-size\"><em><em>Hungary National Team Squad Player<\/em><\/em><\/p>\n<\/div>\n<\/div>\n\n\n\n<div class=\"wp-block-column is-layout-flow wp-block-column-is-layout-flow\" style=\"padding-top:0;padding-bottom:0\">\n<figure class=\"wp-block-image size-large\"><img loading=\"lazy\" decoding=\"async\" width=\"1024\" height=\"576\" src=\"https:\/\/handballstrength.com\/wp-content\/uploads\/2024\/06\/Anderson-Mollino-pic-1024x576.jpg\" alt=\"\" class=\"wp-image-2866\" srcset=\"https:\/\/handballstrength.com\/wp-content\/uploads\/2024\/06\/Anderson-Mollino-pic-1024x576.jpg 1024w, https:\/\/handballstrength.com\/wp-content\/uploads\/2024\/06\/Anderson-Mollino-pic-300x169.jpg 300w, https:\/\/handballstrength.com\/wp-content\/uploads\/2024\/06\/Anderson-Mollino-pic-768x432.jpg 768w, https:\/\/handballstrength.com\/wp-content\/uploads\/2024\/06\/Anderson-Mollino-pic-468x263.jpg 468w, https:\/\/handballstrength.com\/wp-content\/uploads\/2024\/06\/Anderson-Mollino-pic.jpg 1280w\" sizes=\"auto, (max-width: 1024px) 100vw, 1024px\" \/><\/figure>\n\n\n\n<div class=\"wp-block-group has-border-color has-background is-vertical is-content-justification-center is-nowrap is-layout-flex wp-container-core-group-is-layout-785c644f wp-block-group-is-layout-flex\" style=\"border-color:#2626263b;border-width:2px;background-color:#f4f3f3fa;margin-top:0;margin-bottom:0;padding-top:var(--wp--preset--spacing--10);padding-bottom:var(--wp--preset--spacing--10)\">\n<p class=\"has-text-align-center has-medium-font-size\" style=\"font-style:normal;font-weight:700\">\u201cBest program ever, really helped my Performance\u201d<\/p>\n\n\n\n<p class=\"has-text-color has-link-color has-medium-font-size wp-elements-000467e7a6d9b3d0d839366ae0288df1\" style=\"color:#000000e0\"><strong><em><strong>-Anderson Mollino<\/strong><\/em><\/strong><\/p>\n\n\n\n<p class=\"has-text-align-center has-small-font-size\"><em><em><em>EHF European Cup Player<\/em><\/em><\/em><\/p>\n<\/div>\n\n\n\n<p class=\"has-text-align-center\"><br><\/p>\n<\/div>\n<\/div>\n\n\n\n<div class=\"wp-block-columns alignwide is-layout-flex wp-container-core-columns-is-layout-4935966c wp-block-columns-is-layout-flex\" style=\"padding-right:0;padding-left:0\">\n<div class=\"wp-block-column is-layout-flow wp-block-column-is-layout-flow\" style=\"border-style:none;border-width:0px;padding-top:0;padding-bottom:0\">\n<figure class=\"wp-block-image size-large\"><img loading=\"lazy\" decoding=\"async\" width=\"1024\" height=\"576\" src=\"https:\/\/handballstrength.com\/wp-content\/uploads\/2024\/02\/Tim-Hilding-Pic-MINI-1024x576.jpg\" alt=\"\" class=\"wp-image-2522\" srcset=\"https:\/\/handballstrength.com\/wp-content\/uploads\/2024\/02\/Tim-Hilding-Pic-MINI-1024x576.jpg 1024w, https:\/\/handballstrength.com\/wp-content\/uploads\/2024\/02\/Tim-Hilding-Pic-MINI-300x169.jpg 300w, https:\/\/handballstrength.com\/wp-content\/uploads\/2024\/02\/Tim-Hilding-Pic-MINI-768x432.jpg 768w, https:\/\/handballstrength.com\/wp-content\/uploads\/2024\/02\/Tim-Hilding-Pic-MINI-468x263.jpg 468w, https:\/\/handballstrength.com\/wp-content\/uploads\/2024\/02\/Tim-Hilding-Pic-MINI.jpg 1280w\" sizes=\"auto, (max-width: 1024px) 100vw, 1024px\" \/><\/figure>\n\n\n\n<div class=\"wp-block-group has-border-color has-background is-vertical is-content-justification-center is-nowrap is-layout-flex wp-container-core-group-is-layout-785c644f wp-block-group-is-layout-flex\" style=\"border-color:#2626263b;border-width:2px;background-color:#f4f3f3fa;margin-top:0;margin-bottom:0;padding-top:var(--wp--preset--spacing--10);padding-bottom:var(--wp--preset--spacing--10)\">\n<p class=\"has-text-align-center has-medium-font-size\" style=\"font-style:normal;font-weight:700\"><strong>\u201c<\/strong>I prefer this program over my pro teams<br>strength workouts<strong>\u201d<\/strong><\/p>\n\n\n\n<p class=\"has-text-color has-link-color has-medium-font-size wp-elements-3b58ba037495d3a7aff7cd6b51a89ad7\" style=\"color:#000000e0\"><strong><em><strong><em>&#8211;<strong><em><strong>Tim Hilding<\/strong><\/em><\/strong><\/em><\/strong><\/em><\/strong><\/p>\n\n\n\n<p class=\"has-text-align-center has-small-font-size\">Swedish 1st League Pro Player<\/p>\n<\/div>\n<\/div>\n\n\n\n<div class=\"wp-block-column is-layout-flow wp-container-core-column-is-layout-92d440f1 wp-block-column-is-layout-flow\" style=\"border-style:none;border-width:0px;padding-top:0;padding-bottom:0\">\n<figure class=\"wp-block-image size-large\"><img loading=\"lazy\" decoding=\"async\" width=\"1024\" height=\"576\" src=\"https:\/\/handballstrength.com\/wp-content\/uploads\/2024\/06\/Aryan-pic-1024x576.jpg\" alt=\"\" class=\"wp-image-2867\" srcset=\"https:\/\/handballstrength.com\/wp-content\/uploads\/2024\/06\/Aryan-pic-1024x576.jpg 1024w, https:\/\/handballstrength.com\/wp-content\/uploads\/2024\/06\/Aryan-pic-300x169.jpg 300w, https:\/\/handballstrength.com\/wp-content\/uploads\/2024\/06\/Aryan-pic-768x432.jpg 768w, https:\/\/handballstrength.com\/wp-content\/uploads\/2024\/06\/Aryan-pic-468x263.jpg 468w, https:\/\/handballstrength.com\/wp-content\/uploads\/2024\/06\/Aryan-pic.jpg 1280w\" sizes=\"auto, (max-width: 1024px) 100vw, 1024px\" \/><\/figure>\n\n\n\n<div class=\"wp-block-group has-border-color has-background is-vertical is-content-justification-center is-nowrap is-layout-flex wp-container-core-group-is-layout-785c644f wp-block-group-is-layout-flex\" style=\"border-color:#2626263b;border-width:2px;background-color:#f4f3f3fa;margin-top:0;margin-bottom:0;padding-top:var(--wp--preset--spacing--10);padding-bottom:var(--wp--preset--spacing--10)\">\n<p class=\"has-text-align-center has-medium-font-size\" style=\"font-style:normal;font-weight:700\">\u201cHe made me ready for my national team tournament as a Winger&#8221;<\/p>\n\n\n\n<p class=\"has-text-color has-link-color has-medium-font-size wp-elements-d750747a77d9813366aeb000f739c061\" style=\"color:#000000e0\"><strong><em>&#8211;<strong>Aryan Brahmin<\/strong><\/em><\/strong><\/p>\n\n\n\n<p class=\"has-text-align-center has-small-font-size\"><em><em>Indian National Team Player<\/em><\/em><\/p>\n<\/div>\n<\/div>\n\n\n\n<div class=\"wp-block-column is-layout-flow wp-block-column-is-layout-flow\" style=\"padding-top:0;padding-bottom:0\">\n<figure class=\"wp-block-image size-large\"><img loading=\"lazy\" decoding=\"async\" width=\"1024\" height=\"576\" src=\"https:\/\/handballstrength.com\/wp-content\/uploads\/2024\/02\/pic-Ali-Ahmad-Fathallah-MINI-1024x576.jpg\" alt=\"\" class=\"wp-image-2523\" srcset=\"https:\/\/handballstrength.com\/wp-content\/uploads\/2024\/02\/pic-Ali-Ahmad-Fathallah-MINI-1024x576.jpg 1024w, https:\/\/handballstrength.com\/wp-content\/uploads\/2024\/02\/pic-Ali-Ahmad-Fathallah-MINI-300x169.jpg 300w, https:\/\/handballstrength.com\/wp-content\/uploads\/2024\/02\/pic-Ali-Ahmad-Fathallah-MINI-768x432.jpg 768w, https:\/\/handballstrength.com\/wp-content\/uploads\/2024\/02\/pic-Ali-Ahmad-Fathallah-MINI-468x263.jpg 468w, https:\/\/handballstrength.com\/wp-content\/uploads\/2024\/02\/pic-Ali-Ahmad-Fathallah-MINI.jpg 1280w\" sizes=\"auto, (max-width: 1024px) 100vw, 1024px\" \/><\/figure>\n\n\n\n<div class=\"wp-block-group has-border-color has-background is-vertical is-content-justification-center is-nowrap is-layout-flex wp-container-core-group-is-layout-785c644f wp-block-group-is-layout-flex\" style=\"border-color:#2626263b;border-width:2px;background-color:#f4f3f3fa;margin-top:0;margin-bottom:0;padding-top:var(--wp--preset--spacing--10);padding-bottom:var(--wp--preset--spacing--10)\">\n<p class=\"has-text-align-center has-medium-font-size\" style=\"font-style:normal;font-weight:700\">\u201cReally helps me getting back to the National Team call ups\u201d<\/p>\n\n\n\n<p class=\"has-text-color has-link-color has-medium-font-size wp-elements-d2694a41a7cb44c9390fe516b27ec55c\" style=\"color:#000000e0\"><strong><em><strong>-Ali Ahmed<\/strong><\/em><\/strong><\/p>\n\n\n\n<p class=\"has-text-align-center has-small-font-size\"><em><em><em>National Team Player for Kuwait<\/em><\/em><\/em><\/p>\n<\/div>\n\n\n\n<p class=\"has-text-align-center\"><br><\/p>\n<\/div>\n<\/div>\n<\/div>\n\n\n\n<div class=\"wp-block-group alignfull has-contrast-background-color has-text-color has-background is-layout-flow wp-block-group-is-layout-flow\" style=\"color:#000000\">\n<div style=\"height:100px\" aria-hidden=\"true\" class=\"wp-block-spacer\"><\/div>\n\n\n\n<h2 class=\"wp-block-heading has-text-align-center has-base-color has-text-color has-link-color has-body-font-family wp-elements-9f0f5de24ffe31cd2e658a7097e46132\" id=\"schedule-a-visit\" style=\"line-height:1.15;text-transform:uppercase\"><strong>GET in touch<\/strong><\/h2>\n\n\n\n<div class=\"wp-block-buttons is-vertical is-content-justification-center is-layout-flex wp-container-core-buttons-is-layout-18b2b19f wp-block-buttons-is-layout-flex\">\n<div class=\"wp-block-button has-custom-width wp-block-button__width-50\"><a class=\"wp-block-button__link has-contrast-color has-text-color has-background has-small-font-size has-custom-font-size wp-element-button\" href=\"https:\/\/handballstrength.com\/index.php\/contact\/\" style=\"border-width:2px;border-radius:50px;background-color:#f9c300;padding-top:var(--wp--preset--spacing--10);padding-bottom:var(--wp--preset--spacing--10);font-style:normal;font-weight:700;text-transform:uppercase\">Contact us HERE<\/a><\/div>\n<\/div>\n\n\n\n<div style=\"height:95px\" aria-hidden=\"true\" class=\"wp-block-spacer\"><\/div>\n<\/div>\n\n\n\n<div class=\"wp-block-group alignfull is-vertical is-content-justification-center is-nowrap is-layout-flex wp-container-core-group-is-layout-e4a31ea2 wp-block-group-is-layout-flex\" style=\"margin-top:0;margin-bottom:0;padding-top:var(--wp--preset--spacing--50);padding-right:var(--wp--preset--spacing--50);padding-bottom:var(--wp--preset--spacing--50);padding-left:var(--wp--preset--spacing--50)\">\n<div class=\"wp-block-columns alignwide is-layout-flex wp-container-core-columns-is-layout-47c06fe3 wp-block-columns-is-layout-flex\">\n<div class=\"wp-block-column is-vertically-aligned-center has-global-padding is-layout-constrained wp-block-column-is-layout-constrained\" style=\"flex-basis:50%\">\n<h2 class=\"wp-block-heading has-system-sans-serif-font-family\"><strong>Our Mission<\/strong><\/h2>\n\n\n\n<p class=\"has-contrast-color has-text-color has-link-color has-system-sans-serif-font-family wp-elements-52b1f04f1188d516a50749baa9773009\">Handball Strength is dedicated to making Handball players reach their greatest athletic potential on the Handball court and decrease risk of injury. We bridge the gap between scientific evidence and sport specific movement to provide a unique blueprint for optimal athleticism. We help motivation turn into results. Get to it!<\/p>\n<\/div>\n\n\n\n<div class=\"wp-block-column is-vertically-aligned-center is-layout-flow wp-block-column-is-layout-flow\" style=\"flex-basis:50%\"><\/div>\n<\/div>\n<\/div>\n","protected":false},"excerpt":{"rendered":"","protected":false},"author":1,"featured_media":0,"parent":0,"menu_order":0,"comment_status":"closed","ping_status":"closed","template":"","meta":{"footnotes":""},"class_list":["post-1698","page","type-page","status-publish","hentry"],"_links":{"self":[{"href":"https:\/\/handballstrength.com\/index.php\/wp-json\/wp\/v2\/pages\/1698","targetHints":{"allow":["GET"]}}],"collection":[{"href":"https:\/\/handballstrength.com\/index.php\/wp-json\/wp\/v2\/pages"}],"about":[{"href":"https:\/\/handballstrength.com\/index.php\/wp-json\/wp\/v2\/types\/page"}],"author":[{"embeddable":true,"href":"https:\/\/handballstrength.com\/index.php\/wp-json\/wp\/v2\/users\/1"}],"replies":[{"embeddable":true,"href":"https:\/\/handballstrength.com\/index.php\/wp-json\/wp\/v2\/comments?post=1698"}],"version-history":[{"count":55,"href":"https:\/\/handballstrength.com\/index.php\/wp-json\/wp\/v2\/pages\/1698\/revisions"}],"predecessor-version":[{"id":3124,"href":"https:\/\/handballstrength.com\/index.php\/wp-json\/wp\/v2\/pages\/1698\/revisions\/3124"}],"wp:attachment":[{"href":"https:\/\/handballstrength.com\/index.php\/wp-json\/wp\/v2\/media?parent=1698"}],"curies":[{"name":"wp","href":"https:\/\/api.w.org\/{rel}","templated":true}]}}